of 0 + 3 - 165/m?
2, 3
Suppose -5*q + 63 + 92 = 0. Suppose q - 11 = 5*d. Suppose d*g - 45 = 11. List the prime factors of g.
2, 7
Suppose -5*r - 419 = -4*o, -81 + 434 = 3*o + 4*r. Suppose -3*v - 26 + 128 = -4*p, -3*p + o = 4*v. Let h = v + 32. What are the prime factors of h?
2, 31
Suppose -10 + 7 = 3*s. What are the prime factors of (-35)/(-49) + s - 1192/(-7)?
2, 5, 17
Let y = -4 - -6. Suppose 5*q - 3 = 5*z + y, 2*z - 3*q + 3 = 0. Suppose 0*c - 120 = -3*u - 4*c, z = 4*c + 12. List the prime factors of u.
2, 11
Suppose -g + 0*k = -5*k - 263, -5*g = -2*k - 1384. Let y = g - 162. Suppose -4*l + z + 101 = -0*z, y = 4*l - 4*z. What are the prime factors of l?
2, 3
Suppose -12*f + 10*f + 194 = l, 2*l = 2*f + 358. List the prime factors of l.
2, 23
Suppose 5*k + 2*a = 120, -4*a = -2*k - 0*k + 72. List the prime factors of k.
2, 13
Let d(w) = 9*w + 40*w**2 - 9*w. Let p be 0 + (-2 - (-2)/2). List the prime factors of d(p).
2, 5
Suppose -32 = -3*u - 8. What are the prime factors of (138/u)/(18/192)?
2, 23
Suppose 2*q + 5*h - 717 = 0, -4*h - 2 = 10. List the prime factors of q.
2, 3, 61
Let v(f) = -f**3 + 17*f**2 + 15*f + 49. List the prime factors of v(11).
2, 5, 47
Suppose -41981 + 9919 = -41*m. List the prime factors of m.
2, 17, 23
Let z(w) = 2*w**2 - 3*w - 6. Let p be z(-7). Suppose -7 + 21 = 2*t. Suppose 4*m - t = p. List the prime factors of m.
2, 3, 5
Let s(q) = 9*q**2 + 6*q - 13. List the prime factors of s(4).
5, 31
Suppose 2*h + 3*h - 465 = 0. List the prime factors of h.
3, 31
Suppose -101*l + 94*l + 17906 = 0. List the prime factors of l.
2, 1279
Suppose -w = 0, 7*l = 4*l + 5*w + 2556. List the prime factors of l.
2, 3, 71
Let s be (-2)/4 - 36/(-8). Let m(w) = 18*w - 14. What are the prime factors of m(s)?
2, 29
Let x(v) = 2*v**3 - 16*v**2 - 16*v - 7. What are the prime factors of x(12)?
953
List the prime factors of ((-9195)/10)/(8/(-16)).
3, 613
Suppose -114 - 121 = -5*f. Let k be f/(-3) + 5/(-15). List the prime factors of ((-12)/k)/((-3)/(-8)).
2
Suppose -2*p + 592 = -3*v, -2*p - 51*v = -56*v - 596. What are the prime factors of p?
293
Let q be (-327)/(-9) + 2/3. Let a(j) = 40*j**2 + 5*j - 7 - q*j**2 + 14. List the prime factors of a(-5).
3, 19
Let j = 32 + -11. What are the prime factors of j/((-1)/(-4)*6)?
2, 7
Let t = -13 - -20. Suppose -9*k + 4 = -t*k. List the prime factors of k.
2
Suppose -5*r = -y - 28, -3*r + 2*y - 5*y + 6 = 0. Let t = 38 + -37. Let g = r - t. List the prime factors of g.
2
Let n(m) = m**3 + 9*m**2 + 7*m - 5. Let l = -24 + 16. Let a be n(l). Suppose 0 = 4*x + a - 51. List the prime factors of x.
2, 3
Let z(w) = w - 2. Let r be z(6). Suppose -h - 4*y + 97 = -0*h, -3*h + 307 = r*y. What are the prime factors of h?
3, 5, 7
Let y(g) be the third derivative of g**5/60 + g**4/24 - 5*g**3/2 - 3*g**2. Let w(q) = q**2 - 6*q + 1. Let c be w(7). What are the prime factors of y(c)?
3, 19
Let r(b) = 3*b**2 + 5*b - 2. Let i be r(4). Suppose g - i = -g. List the prime factors of g.
3, 11
Let b = -86 - -60. What are the prime factors of b*((-63)/6)/7?
3, 13
Let l(c) = -43*c**2 - 4*c**3 - 40*c**2 - 6 + 7*c**3 - 4*c + 80*c**2. What are the prime factors of l(4)?
2, 61
Let l be 3/(-2) + (-1)/2. Let o(g) = 5*g**2 + g + 219 - 220 + 8*g**2 - 5*g**2 + 2*g**2. List the prime factors of o(l).
37
Let c = 27 - 28. What are the prime factors of 1 + c - (-110 + 18)?
2, 23
Suppose -95*k = -91*k - 540. List the prime factors of k.
3, 5
Suppose 5*g = 10*g - 535. What are the prime factors of g?
107
Let o(k) = -8 - 2 + 40*k + 13. Let x be o(5). Suppose -x - 103 = -6*d. What are the prime factors of d?
3, 17
Let x(y) = -3*y + 5. Let a be x(23). Let t = 44 - a. List the prime factors of t.
2, 3
Let l = 3927 + -1773. What are the prime factors of l?
2, 3, 359
Suppose 7*y - 14 = -0. Suppose 0 = -5*x + 25, -4*x - 458 = -y*u - 24. What are the prime factors of u?
227
Let h = 228 + 2. List the prime factors of h.
2, 5, 23
Suppose -4*k = 2*q - 334, 0 = -5*q + q + 2*k + 648. What are the prime factors of q?
163
Let v(b) = b**3 - 2*b**2 + 3*b - 3. Suppose 3*i - 7*z + 2*z = -6, 0 = -5*i + 5*z. What are the prime factors of v(i)?
3, 5
Let d(u) = -4*u**3 - u**2 - 3*u - 4. Let r(f) = -3*f**3 - 2*f - 3. Let q(v) = 2*d(v) - 3*r(v). Let b be q(-1). List the prime factors of -2*b/((-4)/(-21)).
3, 7
Let u(w) be the second derivative of 6*w**3 + 6*w**2 - 21*w. List the prime factors of u(3).
2, 3, 5
Let w(z) = -41*z + 38. List the prime factors of w(-6).
2, 71
What are the prime factors of 3542/6 - (-6)/(-18)?
2, 5, 59
Suppose -8*t = 4*p - 9*t - 312, 0 = -3*p - 2*t + 223. Suppose 3*k + 84 = -k. Let u = p + k. List the prime factors of u.
2, 7
Let t(p) = p**3 + 18*p**2 - 20*p - 32. List the prime factors of t(-13).
29, 37
Let y(b) = b**3 - 8*b**2 - 11*b + 10. Let u be y(8). Let s = u - -146. What are the prime factors of s?
2, 17
Let n = 93 - 2. What are the prime factors of n?
7, 13
Let t = 198 - 245. Let h = -8 + -7. Let w = h - t. List the prime factors of w.
2
Let b(v) = v**3 - 7*v**2 + 2*v + 8. Let w be b(6). Let r = w + 32. What are the prime factors of (3 - 2)*r + -2?
2, 7
Suppose -4*o - 3 = q, -5*q = -3*o - 51 - 3. Suppose -5*x - 872 = -q*x. What are the prime factors of x?
2, 109
List the prime factors of 47 + 10/(-15)*-3.
7
Let f be ((-12)/(-24))/(1/6). Suppose -5*k - 2*w = -349, -f*w = 4*k + w - 272. What are the prime factors of k?
71
Suppose 3*w + f = 3817, w - 1289 = -6*f + 9*f. List the prime factors of w.
2, 7, 13
List the prime factors of -7 - -1387 - 1*(-1 - -3).
2, 13, 53
Suppose -4*p = 12*c - 7*c + 1982, 0 = -c - 3*p - 403. Let v = -169 - c. What are the prime factors of v?
3, 5
Suppose 5*s - 4*k = 3954, -s - 9*k + 11*k = -792. Suppose 415 = 5*f - s. What are the prime factors of f?
241
Let y(p) = -42*p + 13. Let l be y(-3). Suppose -2*q = -5*q + r + l, 0 = -q + 3*r + 49. What are the prime factors of q?
2, 23
Let v(c) = c**2 + 4*c - 7. Let w = 16 - 22. Let h be v(w). Suppose -2*d + h*d = 162. What are the prime factors of d?
2, 3
Let v = 508 + -337. Suppose 3*h - v = -0*h. Suppose -h = -z - 2*z. List the prime factors of z.
19
Suppose 4*t + 15192 = 28*t. What are the prime factors of t?
3, 211
Let s = 332 + -126. What are the prime factors of s?
2, 103
Suppose j = -5*x + 292, -2*j + 0*x + 539 = x. Let y = 384 - j. List the prime factors of y.
3, 13
Let b(w) = w - 16. Let n be b(20). What are the prime factors of 2 + 60 + 1 - n?
59
Let r be 1/3*(-15 - -12). What are the prime factors of (-57)/((-4 - r)/1)?
19
Suppose 2*a - m - 204 = 2*m, -91 = -a - 4*m. Suppose 3*o + j - 6*j = 123, -a = -3*o - 3*j. Let d = 60 - o. What are the prime factors of d?
2, 3
Suppose 14*k - 4*l = 11*k + 85, 50 = k + 3*l. What are the prime factors of k?
5, 7
Let i(a) = -69*a + 16. List the prime factors of i(-2).
2, 7, 11
Let y(n) be the second derivative of -3*n**3/2 - 9*n**2 - 27*n. List the prime factors of y(-21).
3, 19
Suppose -3*g - 3*d + 7980 = 0, -2*g + 5345 = 4*d - 7*d. What are the prime factors of g?
5, 13, 41
Suppose 2*f = d + 8971, d + 5 = 2*d. List the prime factors of f.
2, 3, 11, 17
Let b be (7/(-3))/((-11)/462). Suppose -2*m + 14 = -b. What are the prime factors of m?
2, 7
Let g(s) be the first derivative of s**2/2 - 18*s - 12. List the prime factors of g(20).
2
Suppose 0 = 4*l - 3*l + 15. Let b = 57 - l. What are the prime factors of b?
2, 3
Suppose -5*r + 37 = -13. Suppose 0 = 4*x - r - 10. Suppose -x = 3*t - 17. List the prime factors of t.
2
Suppose 0 = -19*i + 2 - 2. Let q(z) = -6*z + 229. What are the prime factors of q(i)?
229
Suppose 18*d + 110 = 8*d. What are the prime factors of (-1 - -2)*(d + 49)?
2, 19
Let g(o) be the second derivative of 10*o**4/3 - o**3/2 - 7*o**2/2 - 14*o. List the prime factors of g(-2).
3, 53
Let i(p) = -p**2 - 4*p - 1. Let y be i(-5). Let o be (-72)/(-10)*(-75)/y. Suppose -5*m - m + o = 0. List the prime factors of m.
3, 5
Let l(w) = -8*w**3 + 7*w**2 - 11*w - 1. Let a(t) = t**3 - t**2 + t + 1. Let y(o) = -6*a(o) - l(o). List the prime factors of y(2).
17
Let h(n) = n**2 - 3*n - 50. List the prime factors of h(-19).
2, 23
Let p = -450 - -672. List the prime factors of p.
2, 3, 37
Let y(c) = c**3 + 10*c**2 - 12*c - 8. Let h be y(-11). Suppose 5*b - 4*o - 73 - 6 = 0, -3*o = h*b - 69. Suppose -t + 9 = -b. List the pr